{"id":401,"date":"2022-04-05T18:49:33","date_gmt":"2022-04-05T16:49:33","guid":{"rendered":"https:\/\/beta.stade-poitevin-natation.fr\/?page_id=401"},"modified":"2022-08-31T09:56:24","modified_gmt":"2022-08-31T07:56:24","slug":"caf","status":"publish","type":"page","link":"https:\/\/stade-poitevin-natation.fr\/index.php\/activites\/caf\/","title":{"rendered":"CAF"},"content":{"rendered":"<div id=\"cs-content\" class=\"cs-content\"><\/div>\n","protected":false},"excerpt":{"rendered":"<p>Le Centre d\u2019Accession et de Formation (CAF) de Poitiers valid\u00e9 par la F\u00e9d\u00e9ration Fran\u00e7aise de Natation, fonctionne sous le contr\u00f4le de la ligue Nouvelle Aquitaine de Natation au sein du Stade Poitevin Natation. L\u2019objectif de cette structure est d\u2019accueillir les meilleurs nageurs r\u00e9gionaux afin de leur offrir les meilleures conditions d\u2019entrainement pour leur permettre d\u2019acc\u00e9der au haut niveau.S&rsquo;inscrireCr\u00e9neaux horaires Ganterie<\/p>\n","protected":false},"author":2,"featured_media":0,"parent":27,"menu_order":0,"comment_status":"closed","ping_status":"closed","template":"","meta":{"footnotes":""},"class_list":["post-401","page","type-page","status-publish","hentry","no-post-thumbnail"],"_links":{"self":[{"href":"https:\/\/stade-poitevin-natation.fr\/index.php\/wp-json\/wp\/v2\/pages\/401","targetHints":{"allow":["GET"]}}],"collection":[{"href":"https:\/\/stade-poitevin-natation.fr\/index.php\/wp-json\/wp\/v2\/pages"}],"about":[{"href":"https:\/\/stade-poitevin-natation.fr\/index.php\/wp-json\/wp\/v2\/types\/page"}],"author":[{"embeddable":true,"href":"https:\/\/stade-poitevin-natation.fr\/index.php\/wp-json\/wp\/v2\/users\/2"}],"replies":[{"embeddable":true,"href":"https:\/\/stade-poitevin-natation.fr\/index.php\/wp-json\/wp\/v2\/comments?post=401"}],"version-history":[{"count":2,"href":"https:\/\/stade-poitevin-natation.fr\/index.php\/wp-json\/wp\/v2\/pages\/401\/revisions"}],"predecessor-version":[{"id":511,"href":"https:\/\/stade-poitevin-natation.fr\/index.php\/wp-json\/wp\/v2\/pages\/401\/revisions\/511"}],"up":[{"embeddable":true,"href":"https:\/\/stade-poitevin-natation.fr\/index.php\/wp-json\/wp\/v2\/pages\/27"}],"wp:attachment":[{"href":"https:\/\/stade-poitevin-natation.fr\/index.php\/wp-json\/wp\/v2\/media?parent=401"}],"curies":[{"name":"wp","href":"https:\/\/api.w.org\/{rel}","templated":true}]}}